ive of -u**5/60 + 3*u**4/8 + 59*u**3/3 + u**2 + 16*u. Let d be r(16). Let i(w) = w - 11. What is i(d)?
-5
Let o = 4622 - 4631. Let p(s) be the second derivative of s**3/3 + 7*s**2/2 - 25*s. Give p(o).
-11
Let g = 733 - 718. Let r(o) = 43*o - 1 - g*o - 15*o - 10*o - 1. Give r(-1).
-5
Suppose 11*c = 6*c + 25. Suppose -c*k + 2*a - 5 = -2*a, 4*k - 2*a = 2. Let l(h) = 6*h**2 + 107 + 3*h - k*h - 108. What is l(1)?
5
Let f = 253 - 244. Suppose 2*l = -4*a - 34, -f*a + 10*a = -l - 8. Let k(q) = q**2 + 8*q - 13. Determine k(a).
-4
Let f(j) = j**2 + 23*j - 60. Suppose -5*p - 140 = 5*t, 2*t + 150*p + 53 = 149*p. What is f(t)?
-10
Let m(k) = -7*k**3 + k**2 + 2*k + 1. Let r be m(-1). Let b(x) be the second derivative of -1/12*x**4 + 0 - 12*x + 5/6*x**3 - 3*x**2. What is b(r)?
-20
Let a = 428 - 433. Let z be 6 + (2 - -8)/a - 2. Let u(c) be the second derivative of -c**4/4 - c**3/6 + c**2/2 - c. Give u(z).
-13
Let o = -435 + 435. Let f(k) = -6 + 8 + o + 5*k. Let g(r) = r**3 + 7*r**2 + r + 4. Let n be g(-7). Give f(n).
-13
Let s(v) be the first derivative of -v**4/2 - 4*v**3 - 5*v**2/2 + 7*v + 2006. Calculate s(-5).
-18
Let i(n) be the first derivative of n**4/4 + n**3 - 6*n**2 - 11*n + 10477. Give i(-4).
21
Let l = -7506 - -7514. Let d(p) = p**3 - 9*p**2 + 16*p - 49. What is d(l)?
15
Let t(r) be the first derivative of -5*r**2/2 + 3*r + 429. Give t(14).
-67
Let f(i) = i - 11. Let d be (268 - 12/2) + -1. Let k = -250 + d. Calculate f(k).
0
Let n(k) = -3*k + 39. Let v(r) = 3*r - 19. Let u(z) = -n(z) - 2*v(z). Let t be -1 + 1 - 1 - 1. What is u(t)?
5
Let p(f) be the first derivative of 40 - f + 47/2*f**2. What is p(1)?
46
Let p be 42/(-4 + 1) - -10 - -11*1. Let l(t) = 3*t - 5. Calculate l(p).
16
Let k(h) = h**2 + 5*h - 24. Let p(c) be the second derivative of -c**4/12 - 2*c**3/3 + 23*c**2/2 + 156*c. Let t(u) = 6*k(u) + 5*p(u). What is t(-12)?
-5
Suppose -5*c = -33 - 7. Let o(m) = -57 + 30 - m + 7 + 2 + 11. What is o(c)?
-15
Let b = 362 + -355. Let v(t) = -10*t + 75. Calculate v(b).
5
Let t be 53/(1/4 + 7/28). Suppose 121*d + 15 = t*d. Let p(o) = o. What is p(d)?
-1
Let b(f) be the first derivative of f**3/3 + 19*f**2/2 + 36*f + 3119. Give b(-11).
-52
Let p(q) = -q**2 + 24*q - 42. Let w be (-12 - -11)/((-43)/(-22) + -2). Let y be p(w). Let u(b) = -65*b + 2 - 1 - 7*b**y + 66*b. Determine u(-1).
-7
Let n(w) = 3*w - 1. Let g(z) be the third derivative of -z**4/6 - 2*z**3/3 - 211*z**2. Let m(t) = g(t) - 2*n(t). Give m(-4).
38
Suppose 0 = -3*p - 7687*g + 7685*g + 21, 3*p - 5*g - 42 = 0. Let c(d) = d**3 - 12*d**2 + 29*d - 16. What is c(p)?
2
Let i be 1/(-2) - 5/2. Let l(z) be the first derivative of 2/3*z**3 + 1/2*z**2 - 27 + z + 1/4*z**4. Determine l(i).
-11
Let l(q) = -q**2 - 6*q + 11. Let a = -79 + 114. Let f be 4/(20/a) + -2. Suppose 5 = -f*x + 3*c - 20, x + 4*c + 28 = 0. Calculate l(x).
-5
Let s(p) = -p**3 + 6*p**2 + 4*p**2 - 13*p**2 + 12 - 3*p + 4*p**2. Let n be s(0). Let x(k) = -k**2 + 10*k + 29. Give x(n).
5
Let o(x) = -9984*x - 9991*x - 31 + 19967*x. Calculate o(-5).
9
Let m(b) = -b**3 - 6*b**2 - 4*b + 3. Suppose 3*v = -v + 5*d + 28, 3*v = d + 10. Let s(l) = -2*l**3 + 8*l**2 - 13*l + 6. Let r be s(v). Calculate m(r).
-13
Let h(y) = y**2 + 12*y - 2. Let q be 340/(-28) + (-45)/(-315). Calculate h(q).
-2
Let p(s) be the second derivative of -2*s**3/3 - 13*s**2/2 - s + 443. Calculate p(-3).
-1
Let t be -1*-1*8 - (-148 + 150). Let v(s) = s**2 - 8*s + 20. Determine v(t).
8
Let r(n) be the first derivative of n**4/4 + 16*n**3/3 + 13*n**2/2 + 10*n + 4085. What is r(-15)?
40
Let g(z) = 31*z + 12. Let t(r) = 67*r + 26. Let v(w) = 13*g(w) - 6*t(w). Suppose -2*s - 6 = -0. Calculate v(s).
-3
Let l(z) = -z**2 + z + 1. Suppose -q - 15 = 4*q. Suppose -104 = 79*f + 25*f. Let c be (f - q)*1 + -4. What is l(c)?
-5
Suppose -8*o + 33*o + 53 + 97 = 0. Let m(y) = -4*y**2 + 5*y + 5. Let l(g) = 3*g**2 - 5*g - 4. Let a(s) = 5*l(s) + 4*m(s). Give a(o).
-6
Let x(s) = -2*s + 1. Let q(o) = o + 2. Let k(p) = 2*p + 3. Let y(w) = -3*k(w) + 5*q(w). Let b(v) = 4*x(v) - 6*y(v). Give b(-5).
8
Let m(v) = 5*v - 33. Let d be (9/(-15))/(1 - 152/140). Calculate m(d).
2
Let z be 24 - (4/10 - (-168)/(-120)). Let n be 75/z*(-1 + 2). Let j(o) = -2*o**2 + 4*o + 2. Calculate j(n).
-4
Let s be (-1 + -12)/(-1*(17 + 1 + -17)). Let o(a) = -1 + 2*a - 12 - a. What is o(s)?
0
Let r(c) = c**2 + 13*c - 4. Let f(m) = m**2 + 14*m - 5. Let l(u) = 6*f(u) - 7*r(u). Suppose 11*p = 7*p - 400. Let g be p/30*(4/10 + 2). Determine l(g).
-10
Let b(j) be the second derivative of 4*j**3/3 - 5*j**2 + 2055*j. What is b(1)?
-2
Let p = -11 + 17. Let c(r) be the first derivative of r**2/2 + r - 12. Let f(k) = k**3 - 4*k**2 + 6*k + 10. Let g(x) = p*c(x) - f(x). Give g(3).
5
Let d(a) = 1751*a - 4*a**3 + 2 - 881*a - 37*a**3 - 872*a. What is d(1)?
-41
Let t(z) be the third derivative of 0*z - 7/24*z**4 - 54*z**2 + 0 + 1/6*z**3 + 1/60*z**5. Let u be 4/((-4)/(-5)) - -2. Determine t(u).
1
Let j(y) = 8 + 4*y**2 + 5*y**2 + 26*y - 6*y**2 + 8*y - 5*y**2. What is j(18)?
-28
Let p = -292372 + 292369. Let t(g) = 2*g**2 + 2*g**2 + 6*g - 4 - 3*g**2. What is t(p)?
-13
Let w(j) = -4*j + 194*j**2 - 26 - 75 + 0*j - 193*j**2 + 22. Calculate w(-8).
17
Let s(c) = -c**3 - 5*c**2 + c - 7. Let o = -59 + 62. Suppose -12 = 4*d - 2*d - o*l, 4*d + 3*l + 24 = 0. Calculate s(d).
23
Let o = -199 - -202. Let z(c) = -190*c + c**3 - o*c**2 + 181*c + 8 - 6*c**2. What is z(10)?
18
Suppose -109*p - 132*p - 208 - 33 = 0. Let h(q) = -39*q + 1. Let y(z) = 38*z - 1. Let m(f) = -5*h(f) - 6*y(f). Calculate m(p).
34
Let a(s) = 0*s**2 + 2962569 - s**2 + 13*s - 2962579. What is a(8)?
30
Let v(g) = 2*g**2 + g - 1. Suppose -14*d = 3*t - 13*d, -4*t - 4*d - 8 = 0. Let s be v(t). Let p(o) = 2*o + 2*o**s - o + 1 + o**2 - 3*o. Calculate p(1).
2
Suppose 2*x + 4*i - 4 = 0, -3*x + 3*i = x + 3. Suppose -11*v - 15 - 18 = x. Let p be (v + 2 + 2)*-7. Let c(g) = -g**2 - 9*g - 4. What is c(p)?
10
Let a(f) be the third derivative of -f**7/504 + f**5/60 + f**4/12 - 27*f**3/2 + 206*f**2. Let q(h) be the second derivative of a(h). Calculate q(-2).
-18
Let c(h) be the second derivative of -1/12*h**4 + 0 - 60*h - 2*h**2 + h**3. Give c(6).
-4
Let h(o) = 4*o - 1. Let n(b) = b**2 + b - 12. Let k be n(-4). Suppose k = 8*r - 2*r + 348. Let z = 60 + r. Calculate h(z).
7
Let t(f) = f**2 + 13*f + 26. Let j be t(-11). Let l be (((-48)/18)/j)/(2/(-6)). Let d be l/(-6) + 4/3. Let u(w) = -3*w**3 - w**2 + w - 1. What is u(d)?
-4
Let q(a) = -a**3 - a - 1. Let u(z) = -6*z**3 - 2*z - 1. Let l(h) = -q(h) + u(h). Let n(t) = 450*t - 3149. Let s be n(7). Give l(s).
-6
Let w(k) = -6*k**2 + 61*k - 40. Let p(z) = 3*z**2 - 28*z + 18. Let m(q) = 9*p(q) + 4*w(q). Give m(5).
37
Suppose -178*y - 742 = 2640. Let o(u) = -u**3 - 18*u**2 + 20*u - 29. Calculate o(y).
-48
Let v = -280 + 284. Let z(g) be the first derivative of g**2 - g - 1/3*g**3 + 5. Calculate z(v).
-9
Let j(y) = -y**3 + y**2 + 3*y - 2. Let g(t) = t**3 + 2*t**2 + t + 2. Suppose 4*s = 8, -4*k - 4*s + 0*s + 4 = 0. Let d be g(k). Give j(d).
0
Let y(x) be the first derivative of -x + 89. Let n(o) = o. Let u(b) = n(b) - 6*y(b). Calculate u(5).
11
Let g(y) = -454*y + 370. Let n(o) = 98*o - 1. Let z(f) = -g(f) - 5*n(f). Give z(-10).
-5
Let j(y) = -2*y + 33. Let b(s) = -23*s - 300. Let l be b(-14). Determine j(l).
-11
Suppose 22*f - 24*f = -2. Let n(y) = 4*y**2 + 3*y - 4. Let a be n(f). Let u(d) = d**2 - 3*d - 3. What is u(a)?
-3
Suppose 3*c = -2*s - 3, 40*s - 1 = 45*s + c. Let r(q) = -q**2 - 2*q. Calculate r(s).
0
Let s(n) = 5*n + 5*n**2 - 2*n - 3*n. Suppose -x = 14*x - 60. Suppose 9 = 5*h - 6*a + 2*a, -x*a - 4 = 0. Determine s(h).
5
Suppose -298*z + 299*z = 13. Let s = z - 16. Let j(u) = -u**2 + 8. What is j(s)?
-1
Suppose 7*k - 26 = -5. Let o = k + 6. Let w be (o/(-2))/(36/48). Let j(z) = z**3 + 5*z**2 - 8*z - 9. Give j(w).
3
Let b(o) be the third derivative of o**5/60 - 5*o**4/12 + 3*o**3 - 1819*o**2. What is b(4)?
-6
Let u(c) be the third derivative of c**2 + 11/24*c**4 + 0 - 2*c + 7/6*c**3 - 1/60*c**5. Give u(11).
7
Let i(n) = -3*n**2 - 3*n - 1. Let b = 20 + -16. Suppose -3*t = b - 1. Determine i(t).
-1
Let l(q) = -q**2 + 2*q + 3. Let d(c) = -3*c**2 + 3*c - 3. Suppose 4*j + 12 = -b, 36 - 44 = 4*b - 4*j. Let g(y) = b*l(y) + d(y). Calculate g(7).
-1
Let o(d) = -d**3 